{"id":325,"date":"2022-05-12T17:50:47","date_gmt":"2022-05-12T15:50:47","guid":{"rendered":"https:\/\/freundederkw.de\/?page_id=325"},"modified":"2025-08-21T17:12:29","modified_gmt":"2025-08-21T15:12:29","slug":"die-foerderpreise","status":"publish","type":"page","link":"https:\/\/freundederkw.de\/?page_id=325","title":{"rendered":"Die F\u00f6rderpreise"},"content":{"rendered":"\n<p>Der Verein der Freunde und F\u00f6rderer der Kommunikationswissenschaft an der Universit\u00e4t Passau (FFKW) schreibt Preise f\u00fcr herausragende Leistungen im Fachbereich Kommunikationswissenschaft an der Universit\u00e4t Passau aus. Darunter fallen Preise f\u00fcr Abschlussarbeiten (Bachelor- und Masterarbeit) sowie f\u00fcr herausragende Praxisprojekte in den Bereichen Journalismus und Public Relations (PR).<\/p>\n\n\n\n<h2 class=\"wp-block-heading\">Auszeichnung f\u00fcr herausragende Praxisprojekte<\/h2>\n\n\n\n<figure class=\"wp-block-image size-large\"><a href=\"https:\/\/freundederkw.de\/?page_id=316\"><img loading=\"lazy\" decoding=\"async\" width=\"1024\" height=\"256\" src=\"https:\/\/freundederkw.de\/wp-content\/uploads\/2024\/03\/Webseite-\u2013-Praxisprojekte-mit-CtA-1024x256.png\" alt=\"\" class=\"wp-image-495\" srcset=\"https:\/\/freundederkw.de\/wp-content\/uploads\/2024\/03\/Webseite-\u2013-Praxisprojekte-mit-CtA-1024x256.png 1024w, https:\/\/freundederkw.de\/wp-content\/uploads\/2024\/03\/Webseite-\u2013-Praxisprojekte-mit-CtA-300x75.png 300w, https:\/\/freundederkw.de\/wp-content\/uploads\/2024\/03\/Webseite-\u2013-Praxisprojekte-mit-CtA-768x192.png 768w, https:\/\/freundederkw.de\/wp-content\/uploads\/2024\/03\/Webseite-\u2013-Praxisprojekte-mit-CtA-1536x384.png 1536w, https:\/\/freundederkw.de\/wp-content\/uploads\/2024\/03\/Webseite-\u2013-Praxisprojekte-mit-CtA-2048x512.png 2048w\" sizes=\"auto, (max-width: 767px) 89vw, (max-width: 1000px) 54vw, (max-width: 1071px) 543px, 580px\" \/><\/a><\/figure>\n\n\n\n<h4 class=\"wp-block-heading\">Preistr\u00e4ger:innen<\/h4>\n\n\n\n<div class=\"wp-block-columns is-layout-flex wp-container-core-columns-is-layout-9d6595d7 wp-block-columns-is-layout-flex\">\n<div class=\"wp-block-column is-layout-flow wp-block-column-is-layout-flow\" style=\"flex-basis:100%\">\n<figure class=\"wp-block-table\"><table><tbody><tr><td><strong>2025<\/strong><\/td><td class=\"has-text-align-left\" data-align=\"left\">&#8211; Annika Exner &amp; Miriam Mair (Journalismus-Projekt)<br>&#8211; Carolyn Heilmann &amp; Franziska Schwarz (Journalismus-Projekt)<br>&#8211; Miriam Haberhauer, Tim Boehringer &amp; Inga Ruschek (PR-Projekt)<\/td><\/tr><tr><td><strong>2024<\/strong><\/td><td class=\"has-text-align-left\" data-align=\"left\">&#8211; Leonie Gillot, Kim van der List &amp; Korbinian Strohhuber (Journalismus-Projekt)<br>&#8211; Sophie Babik, Klara-Sophie Heim, Svenja G\u00f6\u00dfeler &amp; Miriam Haberhauer (Journalismus-Projekt)<br>&#8211; Verena Maier, Anna Thieringer &amp; Manuela Winkler (PR-Projekt)<br>&#8211; Hannah Mosbach (PR-Projekt)<\/td><\/tr><tr><td><strong>2023<\/strong><\/td><td class=\"has-text-align-left\" data-align=\"left\">&#8211; Veronica Bezold (Journalismus-Projekt)<br>&#8211; Annika Exner &amp; Eva Richter (Journalismus-Projekt)<br>&#8211; Tina Krejci &amp; Manuel Weilbacher (PR-Projekt)<\/td><\/tr><tr><td><strong>2022<\/strong><\/td><td class=\"has-text-align-left\" data-align=\"left\">&#8211; Ann-Kathrin Ahrendt (Journalismus-Projekt)<br>&#8211; Anna Doblinger, Maria Vossen &amp; Daniela Witkowski (PR-Projekt)<\/td><\/tr><\/tbody><\/table><\/figure>\n<\/div>\n<\/div>\n\n\n\n<hr class=\"wp-block-separator has-css-opacity\"\/>\n\n\n\n<div class=\"wp-block-columns is-layout-flex wp-container-core-columns-is-layout-9d6595d7 wp-block-columns-is-layout-flex\">\n<div class=\"wp-block-column is-layout-flow wp-block-column-is-layout-flow\" style=\"flex-basis:100%\">\n<p><\/p>\n\n\n\n<h2 class=\"wp-block-heading\">Auszeichnung f\u00fcr herausragende Abschlussarbeiten<\/h2>\n\n\n\n<figure class=\"wp-block-image size-large is-resized\"><a href=\"https:\/\/freundederkw.de\/?page_id=107\"><img loading=\"lazy\" decoding=\"async\" width=\"1024\" height=\"256\" src=\"https:\/\/freundederkw.de\/wp-content\/uploads\/2024\/03\/Webseite-\u2013-Abschlussarbeiten-mit-CtA-1024x256.png\" alt=\"\" class=\"wp-image-494\" srcset=\"https:\/\/freundederkw.de\/wp-content\/uploads\/2024\/03\/Webseite-\u2013-Abschlussarbeiten-mit-CtA-1024x256.png 1024w, https:\/\/freundederkw.de\/wp-content\/uploads\/2024\/03\/Webseite-\u2013-Abschlussarbeiten-mit-CtA-300x75.png 300w, https:\/\/freundederkw.de\/wp-content\/uploads\/2024\/03\/Webseite-\u2013-Abschlussarbeiten-mit-CtA-768x192.png 768w, https:\/\/freundederkw.de\/wp-content\/uploads\/2024\/03\/Webseite-\u2013-Abschlussarbeiten-mit-CtA-1536x384.png 1536w, https:\/\/freundederkw.de\/wp-content\/uploads\/2024\/03\/Webseite-\u2013-Abschlussarbeiten-mit-CtA-2048x512.png 2048w\" sizes=\"auto, (max-width: 767px) 89vw, (max-width: 1000px) 54vw, (max-width: 1071px) 543px, 580px\" \/><\/a><\/figure>\n<\/div>\n<\/div>\n\n\n\n<h4 class=\"wp-block-heading\">Preistr\u00e4ger:innen<\/h4>\n\n\n\n<figure class=\"wp-block-table\"><table><tbody><tr><td><strong>2025<\/strong><\/td><td>&#8211; Jule Stollberg (Bachelorarbeit)<br>&#8211; Kristina Wegele-Dippold (Bachelorarbeit)<br>&#8211; Anna Heinrich (Bachelorarbeit)<br>&#8211; Julia Rabenbauer (Bachelorarbeit)<\/td><\/tr><tr><td><strong>2024<\/strong><\/td><td>&#8211; Keine Preisvergabe<\/td><\/tr><tr><td><strong>2023<\/strong><\/td><td>&#8211; Kilian Erbsh\u00e4u\u00dfer (Bachelorarbeit)<\/td><\/tr><tr><td><strong>2022<\/strong><\/td><td>&#8211; Anandi Puranik (Bachelorarbeit)<br>&#8211; Pia N\u00f6ninger (Masterarbeit)<\/td><\/tr><tr><td><strong>2021<\/strong><\/td><td>&#8211; Jasmin Ehbauer (Bachelorarbeit)<br>&#8211; Viola Korpowski (Masterarbeit)<\/td><\/tr><tr><td><strong>2020<\/strong><\/td><td>&#8211; Larissa Volkenborn (Bachelorarbeit)<br>&#8211; Christopher Schmitt (Masterarbeit)<\/td><\/tr><\/tbody><\/table><\/figure>\n","protected":false},"excerpt":{"rendered":"<p>Der Verein der Freunde und F\u00f6rderer der Kommunikationswissenschaft an der Universit\u00e4t Passau (FFKW) schreibt Preise f\u00fcr herausragende Leistungen im Fachbereich Kommunikationswissenschaft an der Universit\u00e4t Passau aus. Darunter fallen Preise f\u00fcr Abschlussarbeiten (Bachelor- und Masterarbeit) sowie f\u00fcr herausragende Praxisprojekte in den Bereichen Journalismus und Public Relations (PR). Auszeichnung f\u00fcr herausragende Praxisprojekte Preistr\u00e4ger:innen 2025 &#8211; Annika Exner &hellip; <\/p>\n<p class=\"link-more\"><a href=\"https:\/\/freundederkw.de\/?page_id=325\" class=\"more-link\"><span class=\"screen-reader-text\">\u201eDie F\u00f6rderpreise\u201c<\/span> weiterlesen<\/a><\/p>\n","protected":false},"author":1,"featured_media":0,"parent":0,"menu_order":0,"comment_status":"closed","ping_status":"closed","template":"","meta":{"footnotes":""},"class_list":["post-325","page","type-page","status-publish","hentry"],"_links":{"self":[{"href":"https:\/\/freundederkw.de\/index.php?rest_route=\/wp\/v2\/pages\/325","targetHints":{"allow":["GET"]}}],"collection":[{"href":"https:\/\/freundederkw.de\/index.php?rest_route=\/wp\/v2\/pages"}],"about":[{"href":"https:\/\/freundederkw.de\/index.php?rest_route=\/wp\/v2\/types\/page"}],"author":[{"embeddable":true,"href":"https:\/\/freundederkw.de\/index.php?rest_route=\/wp\/v2\/users\/1"}],"replies":[{"embeddable":true,"href":"https:\/\/freundederkw.de\/index.php?rest_route=%2Fwp%2Fv2%2Fcomments&post=325"}],"version-history":[{"count":16,"href":"https:\/\/freundederkw.de\/index.php?rest_route=\/wp\/v2\/pages\/325\/revisions"}],"predecessor-version":[{"id":548,"href":"https:\/\/freundederkw.de\/index.php?rest_route=\/wp\/v2\/pages\/325\/revisions\/548"}],"wp:attachment":[{"href":"https:\/\/freundederkw.de\/index.php?rest_route=%2Fwp%2Fv2%2Fmedia&parent=325"}],"curies":[{"name":"wp","href":"https:\/\/api.w.org\/{rel}","templated":true}]}}